 is divided by 1.
0
Suppose -u + 3*x + 300 + 8 = 0, 4*x = -4. Calculate the remainder when u is divided by 297.
8
Suppose 4*o + 5*p + 0*p = 10, 2*o - 20 = 5*p. Suppose 0 = -d + 1, o*d + 5 = 3*b - 2. Let k = 68 - 17. What is the remainder when k is divided by b?
3
Let u = -769 - -1208. Calculate the remainder when u/7 - 5*(-8)/140 is divided by 16.
15
Let t = 39188 - 39185. What is the remainder when 271 is divided by t?
1
Let h = 5994 + -5861. Calculate the remainder when 518 is divided by h.
119
Suppose 0*m + 3*l + 127 = 5*m, 5*m - l - 129 = 0. Suppose 3*g - 185 = 6*f - 4*f, 125 = 2*g - f. Calculate the remainder when g is divided by m.
13
Suppose 0 = -k + i - 66 + 297, -2*i = -4*k + 916. Calculate the remainder when 757 is divided by k.
76
Let l = 28981 + -21558. Calculate the remainder when l is divided by 33.
31
Suppose 0 = -3*v, -108 = -5*z + 2*v + 107. Suppose -32*f + 457885 = 457757. Calculate the remainder when z is divided by f.
3
Let z(v) = -v**3 - 23*v**2 - 43*v - 15. What is the remainder when 64 is divided by z(-21)?
4
Let q = -102 - -267. Suppose 4*h = 12, 4*h - q + 3 = -3*j. Suppose 0 = -55*g + j*g + 90. What is the remainder when g is divided by 5?
3
Let f(d) = 37*d**3 + 2*d**2 + 14*d - 28. Calculate the remainder when f(3) is divided by 250.
31
Suppose p = 2*a - 1204 + 348, -2*a = p - 860. What is the remainder when a is divided by 124?
57
Suppose -3*g - 30 = -3*y, 2*g + 2*y + 17 = y. Let m be 24/(-36) + (-1509)/g. Suppose 3*f - m = -59. What is the remainder when 140 is divided by f?
32
Let l(w) = -w**3 - 30*w**2 + 65*w + 37. Let g be l(-32). Suppose 5*b - 10*b - 3*r = -50, -3*r - 80 = -g*b. Calculate the remainder when 51 is divided by b.
12
Suppose 111 = 13*m - 32. Suppose 0 = -m*g + 156 + 119. Calculate the remainder when 138 is divided by g.
13
Let l be 18426/(-38) + 2*14/(-266). Let u = 988 + l. Calculate the remainder when u is divided by 9.
8
Let z = 29112 - 27065. Calculate the remainder when z is divided by 25.
22
Suppose t = -149 + 865. Suppose -3*y = y - t. Suppose 252*n - 11743 = -2671. What is the remainder when y is divided by n?
35
Calculate the remainder when (77 - -1)/(20 + 2570/(-130)) is divided by 69.
62
What is the remainder when 1773 is divided by ((-64)/10)/(12/(-45))?
21
Let b(h) = h**3 + h**2 - h + 55. What is the remainder when (4 - 6 - -131) + 8/(-2) is divided by b(0)?
15
Let r(i) = -i + 1. Let x = -20 - -19. Let l be r(x). Suppose -v + 2*u - 7*u + 31 = 0, 0 = -u + l. Calculate the remainder when v is divided by 8.
5
Suppose -2*d - d + 267 = 0. Suppose 5*a - 152 = -j, -4*a = -j - 3*j - 112. Calculate the remainder when d is divided by a.
29
Let l = -37181 + 37205. What is the remainder when 4002 is divided by l?
18
Suppose 0 = 73*w - 24*w - 11368. Calculate the remainder when w is divided by 47.
44
Let s = 3979 - 3965. Calculate the remainder when 0/(-1) + 2 - -38 is divided by s.
12
Let q be (-12)/(-14) - 13530/(-287). Suppose -q*y = -2*y - 22218. What is the remainder when y is divided by 81?
78
Suppose -h + 23 = -2*t, -3*h + 29 = -30*t + 29*t. What is the remainder when -138*(0 - 1/3) is divided by h?
4
Let d(b) = 18*b - 1. Let z(u) = 10*u - 36. Let x be z(19). Calculate the remainder when d(2) is divided by (-1)/4 + x/8.
16
Suppose 3*r - 42 = 4*r. Let m = 13 + r. Let w = 40 + m. Calculate the remainder when 54 is divided by w.
10
Let f = 8559 + -8517. What is the remainder when 4950 is divided by f?
36
Suppose -50*i + 40 = -42*i. Suppose 0 = i*q + 2*k + 164 - 434, 162 = 3*q - 4*k. Calculate the remainder when 214 is divided by q.
52
What is the remainder when 192 is divided by (-35)/(3150/(-2466)) + (-7)/5 + 1?
3
Let i = -144 - -34. Let c = -2 - i. Let l(f) = f**3 + 5*f**2 - 66*f + 11. What is the remainder when c is divided by l(-11)?
9
Suppose p + 852 + 94 = 3*u, -p = 4. Calculate the remainder when 9418 is divided by u.
312
Let n be ((-12)/(-10))/((-16)/520). Let r be (2/(-4))/(n/38 + 1). Suppose -2*k - 5*h = -r, h - 5*h = -4*k + 24. What is the remainder when 18 is divided by k?
4
Let v be 10/25 + 2 + (-268)/(-5). Calculate the remainder when v/(-154) - (-3997)/11 is divided by 52.
51
Let s be (-10836)/(-27) - 10/(-15). Let f = 453 - s. Calculate the remainder when f is divided by (-84)/(-9) - 2/6.
6
Let y(o) = o**3 - 5*o**2 + 26*o + 14. Calculate the remainder when 335 is divided by y(4).
29
Let a(j) be the third derivative of 0*j + 1/120*j**6 + 22*j**2 + 0 - 5/6*j**3 + 3/20*j**5 + 1/12*j**4. What is the remainder when a(-8) is divided by 22?
21
Suppose 276 = 90038*z - 90026*z. What is the remainder when 495 is divided by z?
12
Suppose 5*n + i - 14 = 2*i, -4*n - 3*i = -15. What is the remainder when (20 - (-2 + 2)) + -2 is divided by ((-45)/(-6))/(15/4 - n)?
8
Let s = 23763 - 22657. Calculate the remainder when s is divided by 21.
14
Let s = 1907 + 1276. What is the remainder when s is divided by 118?
115
Let q(i) = 59*i**2 - 113*i + 2. What is the remainder when 481 is divided by q(2)?
1
Let n(w) = 64*w**2 - 46*w + 392. What is the remainder when n(7) is divided by 8?
6
Let w = 45 + -48. Let b(u) = u**2 - 5*u - 6. Let l be b(w). Let p = 22 - l. Calculate the remainder when 16 is divided by p.
0
Suppose -2*y - o + 25 = 0, 5*y + 26 = -5*o + 86. Let c = -59 + 89. Calculate the remainder when c is divided by y.
4
Suppose -54*x + 15619 = -7385. What is the remainder when x is divided by 30?
6
Let g be (-1 + -3)/((-4)/4). Suppose 2*m - 4*o + 2 = 0, -5*m = g*o - o - 60. What is the remainder when 23 is divided by m?
5
Suppose -2*g = -3*v + 5*g + 4117, 3*v = 5*g + 4115. Calculate the remainder when v is divided by 5.
0
Suppose -400 - 15 = -27*g + 7523. What is the remainder when g is divided by 38?
28
Let a = 156 - 95. Suppose 4*m = 5*h - a, 2*h = m - 3*m + 28. What is the remainder when 86 is divided by h?
8
Suppose -a + 4 = 3*a. Suppose -18 = k - 59. Let y = -38 + k. Calculate the remainder when y is divided by a.
0
Suppose -3*h = -5*h. Suppose 10*l = 208 + 302. Calculate the remainder when l is divided by h + (2 + -4 - -16).
9
Suppose 4*x + 3*o = 5 - 24, x = -5*o - 26. What is the remainder when (40/11)/(248/1364) is divided by -1 - 0 - 12/x?
9
Let p(s) = 71*s - 1940. Calculate the remainder when 660 is divided by p(29).
65
Suppose -33*s + 36*s - 4*l - 2997 = 0, 2058 = 2*s + 4*l. Calculate the remainder when s is divided by 48.
3
Let o = -60 - -94. Suppose -5280 - 1978 = -21*r - 1567. What is the remainder when r is divided by o?
33
Suppose 6 = 4*z - 30. Let i(m) be the first derivative of m**4/4 + 3*m**3 - 5*m**2 + 5*m - 121. What is the remainder when z is divided by i(-10)?
4
Suppose -h - 14 = -5*q, 78*h - 2*q = 79*h - 42. Calculate the remainder when 69 is divided by h.
17
Let o be (-16)/3*3*4/(-8). Let m be (o/(-12) + 1)*39. Suppose m*r + 30 = 238. What is the remainder when 110 is divided by r?
14
Let x be -1 - (-4 - 0)*(10 - 9). Suppose -x = 3*a, 4*a = 2*r - 3*r + 5. Let j = 83 - 40. Calculate the remainder when j is divided by r.
7
Suppose -2*k - 192 = -b - 67, 302 = -5*k - b. Let i = k - -96. What is the remainder when i is divided by 9?
8
Let r = -868 - -864. Suppose -d + 0*d - 50 = 4*u, 4*d = -2*u - 186. Calculate the remainder when 85 is divided by -1 + 0*r/8 - d.
40
Let n(w) = 6*w**3 + w**2 - 6*w + 7. Let f be n(2). Let t = f - 49. What is the remainder when (4*-1)/t - 1665/(-9) is divided by 48?
43
Let c = 3 - -2. Suppose c*l = -47 + 152. Suppose 6*w = -0*w + 66. What is the remainder when l is divided by w?
10
Let p(r) = r**2 - 7*r + 11. Let a be p(6). Suppose -5*y + a = -75. Let g(v) = 20*v**3 - 8*v**2 + v - 3. What is the remainder when g(2) is divided by y?
15
Let k(t) = -t**2 + 13*t - 11. Let f be k(10). Let y = f - 15. Suppose 10*n - 15*n - 5*a + 75 = 0, 3*n - 45 = -a. Calculate the remainder when n is divided by y.
3
Let p(t) = -2*t**3 - 64*t**2 + 64*t - 50. Calculate the remainder when 57 is divided by p(-33).
9
Calculate the remainder when 7 + -5 - ((-35540)/2)/5 is divided by 25.
6
Let c(y) = y**3 - 4*y**2 + 2*y + 7. Let z be c(4). Suppose 9*r + z = 10*r. Let o(d) = d**2 - 15*d + 14. Calculate the remainder when o(r) is divided by 3.
2
Let g = 1085 - 962. Calculate the remainder when g is divided by 16.
11
Let l be (-4)/(-14) - 14/49. Suppose -d + 3 = -l. Calculate